{"id":399,"date":"2018-11-26T12:46:25","date_gmt":"2018-11-26T12:46:25","guid":{"rendered":"https:\/\/lmtj.ro\/services\/"},"modified":"2021-04-08T06:58:35","modified_gmt":"2021-04-08T06:58:35","slug":"profilul-pedagogic","status":"publish","type":"page","link":"https:\/\/lmtj.ro\/?page_id=399","title":{"rendered":"Profilul Pedagogic"},"content":{"rendered":"\t\t<div data-elementor-type=\"wp-post\" data-elementor-id=\"399\" class=\"elementor elementor-399\">\n\t\t\t\t\t\t<section class=\"elementor-section elementor-top-section elementor-element elementor-element-bbf904a elementor-section-content-middle elementor-section-boxed elementor-section-height-default elementor-section-height-default\" data-id=\"bbf904a\" data-element_type=\"section\" data-e-type=\"section\" data-settings=\"{&quot;background_background&quot;:&quot;classic&quot;}\">\n\t\t\t\t\t\t\t<div class=\"elementor-background-overlay\"><\/div>\n\t\t\t\t\t\t\t<div class=\"elementor-container elementor-column-gap-no\">\n\t\t\t\t\t<div class=\"elementor-column elementor-col-100 elementor-top-column elementor-element elementor-element-401f620\" data-id=\"401f620\" data-element_type=\"column\" data-e-type=\"column\">\n\t\t\t<div class=\"elementor-widget-wrap elementor-element-populated\">\n\t\t\t\t\t\t<div class=\"elementor-element elementor-element-def3ca5 elementor-widget elementor-widget-heading\" data-id=\"def3ca5\" data-element_type=\"widget\" data-e-type=\"widget\" data-widget_type=\"heading.default\">\n\t\t\t\t<div class=\"elementor-widget-container\">\n\t\t\t\t\t<h1 class=\"elementor-heading-title elementor-size-xxl\">Profilul pedagogic<\/h1>\t\t\t\t<\/div>\n\t\t\t\t<\/div>\n\t\t\t\t\t<\/div>\n\t\t<\/div>\n\t\t\t\t\t<\/div>\n\t\t<\/section>\n\t\t\t\t<section class=\"elementor-section elementor-top-section elementor-element elementor-element-06970a6 elementor-section-boxed elementor-section-height-default elementor-section-height-default\" data-id=\"06970a6\" data-element_type=\"section\" data-e-type=\"section\">\n\t\t\t\t\t\t<div class=\"elementor-container elementor-column-gap-default\">\n\t\t\t\t\t<div class=\"elementor-column elementor-col-33 elementor-top-column elementor-element elementor-element-2f4efff\" data-id=\"2f4efff\" data-element_type=\"column\" data-e-type=\"column\">\n\t\t\t<div class=\"elementor-widget-wrap elementor-element-populated\">\n\t\t\t\t\t\t<div class=\"elementor-element elementor-element-5fd27b6 elementor-widget elementor-widget-text-editor\" data-id=\"5fd27b6\" data-element_type=\"widget\" data-e-type=\"widget\" data-widget_type=\"text-editor.default\">\n\t\t\t\t<div class=\"elementor-widget-container\">\n\t\t\t\t\t\t\t\t\t<h4><strong>\u201dDocendo discimus (\u00cenv\u0103\u021b\u00e2nd pe al\u021bii, \u00eenv\u0103\u021b\u0103m \u0219i noi)\u201d<\/strong><\/h4><ul><li><strong>E\u0219ti sociabil\u0103, creativ\u0103, te exprimi cu mare u\u0219urin\u021b\u0103, rezi\u0219ti \u00een fa\u021ba stresului \u0219i apreciezi munca \u00een echip\u0103 ?<\/strong><\/li><li><strong>Vino la profilul PEDAGOGIC al Liceului de Muzic\u0103 \u201dTudor Jarda\u201d, Bistri\u021ba \u0219i studiaz\u0103 pentru a deveni \u00eenv\u0103\u021b\u0103tor-educator !<\/strong><\/li><li><strong>Este singurul profil liceal care \u00ee\u021bi permite, prin atestatul \u0219i diploma de bacalaureat, inser\u021bia rapid\u0103 \u00een pia\u021ba muncii (\u00eenv\u0103\u021b\u0103m\u00e2ntul public sau privat)!<\/strong><\/li><\/ul><p>\u00a0<\/p><p><strong>\u00a0 \u00a0 \u201dNu cancelaria \u00ee\u021bi spune dac\u0103 e\u0219ti un profesor bun sau nu. Copiii \u00ee\u021bi vor spune acest lucru. Ei au puterea aceasta de a spune \u201ete iubesc!\u201d, uneori p\u0103r\u00e2nd c\u0103 nici nu te bag\u0103 \u00een seam\u0103. (\u2026) Uita\u021bi-v\u0103 la ei c\u00e2t de r\u0103u le pare c\u00e2nd i-a\u021bi prins c\u0103 nu \u0219tiu ceva. (\u2026) Uneori vin \u0219i \u00ee\u021bi spun, parc\u0103: \u201eIart\u0103-m\u0103 c\u0103 nu am \u0219tiut dec\u00e2t de nota 10. Tu, ca profesor, ai merita s\u0103 \u0219tiu de nota 15.\u201d<\/strong><\/p><p><strong>\u00a0 \u00a0 \u00a0 \u00a0 \u00a0 \u00a0 \u00a0 \u00a0 \u00a0 \u00a0 \u00a0 \u00a0P\u0103rintele Constantin Necula<\/strong><\/p>\t\t\t\t\t\t\t\t<\/div>\n\t\t\t\t<\/div>\n\t\t\t\t\t<\/div>\n\t\t<\/div>\n\t\t\t\t<div class=\"elementor-column elementor-col-66 elementor-top-column elementor-element elementor-element-c31459d\" data-id=\"c31459d\" data-element_type=\"column\" data-e-type=\"column\">\n\t\t\t<div class=\"elementor-widget-wrap elementor-element-populated\">\n\t\t\t\t\t\t<div class=\"elementor-element elementor-element-7c1981c elementor-widget elementor-widget-text-editor\" data-id=\"7c1981c\" data-element_type=\"widget\" data-e-type=\"widget\" data-widget_type=\"text-editor.default\">\n\t\t\t\t<div class=\"elementor-widget-container\">\n\t\t\t\t\t\t\t\t\t<h4><strong>De ce s\u0103 alegi profilul PEDAGOGIC?<\/strong><\/h4><p><strong>Motiva\u021bie moral- spiritual\u0103<\/strong><\/p><p>Oamenii se simt atra\u015fi spre profesia de \u00eenv\u0103\u021b\u0103tor sau educatoare pentru c\u0103 iubesc copiii sau pentru c\u0103 le place s\u0103 fie \u00een compania lor. S\u0103-i vad\u0103 cum progreseaz\u0103, devenind mai eficien\u0163i \u00een aceast\u0103 lume. Cei care predau se d\u0103ruiesc altora. Predau cu speran\u0163a c\u0103 lumea va deveni mai bun\u0103!<\/p><p><strong>Motiva\u021bie financiar\u0103<\/strong><\/p><p>Salariul de \u00eencadrare al unui debutant \u00een \u00eenv\u0103\u021b\u0103m\u00e2nt este de 3905 ron. Program de lucru : 8-12.<br \/>Motiva\u021bie de autorealizare<br \/>Lucrezi \u00eentr-un mediu creativ (Nicio zi nu este la fel!), \u00eenve\u021bi lucruri noi zilnic, te men\u021bii t\u00e2n\u0103r \u0219i \u2026 ai 4 vacan\u021be\/ an!\u00a0<\/p><p><strong>Motiva\u021bie profesional\u0103<\/strong><\/p><p>Se ofer\u0103 dubl\u0103 specializare: at\u00e2t de \u00eenv\u0103\u021b\u0103tor (predare la clasele Preg\u0103titoare- a IV-a), c\u00e2t \u0219i de educatoare (grupele mic\u0103, mijlocie, mare). Absolven\u021bii profilului Pedagogic pot profesa odat\u0103 cu ob\u021binerea certificatului de competen\u021be \u0219i a promov\u0103rii examenului de bacalaureat. Este SINGURA specializare care permite intrarea pe pia\u021ba muncii (\u00eenv\u0103\u021b\u0103m\u00e2nt public sau privat), \u00eenc\u0103 de la 18\/19 ani.<br \/>Dac\u0103 la absolvirea liceului, dori\u021bi urmarea cursurilor unei facult\u0103\u021bi, curricula profilului Pedagogic asigur\u0103 o vast\u0103 cultur\u0103 general\u0103. Prin num\u0103rul mare de ore de Limba \u0219i literatura rom\u00e2n\u0103, Psihologie\/ Pedagogie, Practic\u0103 pedagogic\u0103, Francez\u0103\/ Englez\u0103, etc. se realizeaz\u0103 o formare umanist\u0103 care s\u0103 asigure accesul la cele mai c\u0103utate facult\u0103\u021bi din \u021bar\u0103 sau din str\u0103in\u0103tate: Psihologie, Pedagogie, Psihopedagogie special\u0103, Limbi \u0219i Literaturi Str\u0103ine, Studii europene, \u0218tiin\u021be politice, Administrative \u0219i ale Comunic\u0103rii, Teatru \u0219i Televiziune, Drept, Academia de Poli\u021bie, etc.<\/p><p><strong>Motiva\u021bie cognitiv\u0103<\/strong><\/p><p>Liceul de Muzic\u0103 \u201dTudor Jarda\u201d, Bistri\u021ba a avut o promovabilitate de 100% la examenul de bacalaureat, profil Pedagogic, de la \u00eenfiin\u021bare \u0219i o medie de 3 premii\/ an la olimpiadele na\u021bionale de Pedagogie \u0219i Psihologie. Premiile ob\u021binute la olimpiadele na\u021bionale asigur\u0103 intrarea f\u0103r\u0103 examen la facult\u0103\u021bile de profil, o burs\u0103 lunar\u0103, precum \u0219i un loc asigurat \u00een c\u0103minul studen\u021besc.<\/p><p><strong>Practica pedagogic\u0103<\/strong><\/p><p>Practica pedagogic\u0103 se desf\u0103\u0219oar\u0103 3 ore\/ s\u0103pt\u0103m\u00e2n\u0103 \u00een clasele a IX-a \u0219i a X-a, \u0219i 4 ore\/ s\u0103pt\u0103m\u00e2n\u0103 \u00een clasele a XI-a \u0219i a XII-a la um\u0103toarele institu\u021bii de \u00eenv\u0103\u021b\u0103m\u00e2nt: Gr\u0103dini\u021ba \u201dC\u0103su\u021ba cu pove\u0219ti\u201d, Bistri\u021ba \u0218coala Gimnazial\u0103 nr. 1, Bistri\u021ba.<\/p><p><strong>Alte informa\u021bii:<\/strong><\/p><p>Num\u0103r de locuri disponibile: 26 (24+2)<br \/>Intrarea se va realiza pe baza mediei ob\u021binute la Evaluarea na\u021bional\u0103 2021 \u0219i a probelor de admitere. Probele de admitere au loc \u00een luna Mai 2021 \u0219i sunt notate cu Admis\/ Respins :<br \/>Proba de aptitudini fizice (3 exerci\u021bii de influen\u021bare a aparatului locomotor, rezisten\u021b\u0103 600 m, 4 elemente de gimnastic\u0103)<br \/>Proba de aptitudini muzicale (intonarea unui c\u00e2ntec, reproducere ritmico-melodic\u0103)<br \/>Proba de aptitudini artistice (realizarea unei naturi statice cu 2 sau 3 obiecte date)<br \/>Interviu (recitarea unei poezii, lectur\u0103 la prima vedere, participarea \u00eentr-o conversa\u021bie pe o tem\u0103 dat\u0103).<\/p><p><br \/>PREG\u0102TIRILE SUNT GRATUITE \u0218I SE DESF\u0102\u0218OAR\u0102 \u00ceNCEP\u00c2ND CU LUNA MARTIE, 2021, DAC\u0102 SCENARIILE PERMIT PREZEN\u021aA FIZIC\u0102 A ELEVILOR LA \u0218COAL\u0102!<\/p><p>\u00censcriere \u00een vedea comunic\u0103rii permanente, la: https:\/\/docs.google.com\/forms\/d\/e\/1FAIpQLScrqOFTm45Ra_D0jry-w4m8mnm-M5eUBJCR4P2wmSagrmWVnw\/viewform?fbclid=IwAR1G6Jxc2ycKiFsFycpjpO1KH4k2QTrbuexHrJDXqUOcVA65Ewrdc-cg11U<\/p><p>\u00a0<\/p>\t\t\t\t\t\t\t\t<\/div>\n\t\t\t\t<\/div>\n\t\t\t\t\t<\/div>\n\t\t<\/div>\n\t\t\t\t\t<\/div>\n\t\t<\/section>\n\t\t\t\t<\/div>\n\t\t","protected":false},"excerpt":{"rendered":"<p>Profilul pedagogic \u201dDocendo discimus (\u00cenv\u0103\u021b\u00e2nd pe al\u021bii, \u00eenv\u0103\u021b\u0103m \u0219i noi)\u201d E\u0219ti sociabil\u0103, creativ\u0103, te exprimi cu mare u\u0219urin\u021b\u0103, rezi\u0219ti \u00een fa\u021ba stresului \u0219i apreciezi munca \u00een echip\u0103 ? Vino la profilul PEDAGOGIC al Liceului de Muzic\u0103 \u201dTudor Jarda\u201d, Bistri\u021ba \u0219i studiaz\u0103 pentru a deveni \u00eenv\u0103\u021b\u0103tor-educator ! Este singurul profil liceal care \u00ee\u021bi permite, prin atestatul [&hellip;]<\/p>\n","protected":false},"author":1,"featured_media":0,"parent":0,"menu_order":0,"comment_status":"closed","ping_status":"closed","template":"","meta":{"site-sidebar-layout":"no-sidebar","site-content-layout":"page-builder","ast-site-content-layout":"default","site-content-style":"default","site-sidebar-style":"default","ast-global-header-display":"","ast-banner-title-visibility":"","ast-main-header-display":"","ast-hfb-above-header-display":"","ast-hfb-below-header-display":"","ast-hfb-mobile-header-display":"","site-post-title":"disabled","ast-breadcrumbs-content":"","ast-featured-img":"disabled","footer-sml-layout":"","ast-disable-related-posts":"","theme-transparent-header-meta":"enabled","adv-header-id-meta":"","stick-header-meta":"","header-above-stick-meta":"","header-main-stick-meta":"","header-below-stick-meta":"","astra-migrate-meta-layouts":"default","ast-page-background-enabled":"default","ast-page-background-meta":{"desktop":{"background-color":"","background-image":"","background-repeat":"repeat","background-position":"center center","background-size":"auto","background-attachment":"scroll","background-type":"","background-media":"","overlay-type":"","overlay-color":"","overlay-opacity":"","overlay-gradient":""},"tablet":{"background-color":"","background-image":"","background-repeat":"repeat","background-position":"center center","background-size":"auto","background-attachment":"scroll","background-type":"","background-media":"","overlay-type":"","overlay-color":"","overlay-opacity":"","overlay-gradient":""},"mobile":{"background-color":"","background-image":"","background-repeat":"repeat","background-position":"center center","background-size":"auto","background-attachment":"scroll","background-type":"","background-media":"","overlay-type":"","overlay-color":"","overlay-opacity":"","overlay-gradient":""}},"ast-content-background-meta":{"desktop":{"background-color":"var(--ast-global-color-5)","background-image":"","background-repeat":"repeat","background-position":"center center","background-size":"auto","background-attachment":"scroll","background-type":"","background-media":"","overlay-type":"","overlay-color":"","overlay-opacity":"","overlay-gradient":""},"tablet":{"background-color":"var(--ast-global-color-5)","background-image":"","background-repeat":"repeat","background-position":"center center","background-size":"auto","background-attachment":"scroll","background-type":"","background-media":"","overlay-type":"","overlay-color":"","overlay-opacity":"","overlay-gradient":""},"mobile":{"background-color":"var(--ast-global-color-5)","background-image":"","background-repeat":"repeat","background-position":"center center","background-size":"auto","background-attachment":"scroll","background-type":"","background-media":"","overlay-type":"","overlay-color":"","overlay-opacity":"","overlay-gradient":""}},"footnotes":""},"folder":[],"class_list":["post-399","page","type-page","status-publish","hentry"],"yoast_head":"<!-- This site is optimized with the Yoast SEO plugin v27.2 - https:\/\/yoast.com\/product\/yoast-seo-wordpress\/ -->\n<title>Profilul Pedagogic - Liceul de Muzic\u0103 &quot;Tudor Jarda&quot;<\/title>\n<meta name=\"robots\" content=\"index, follow, max-snippet:-1, max-image-preview:large, max-video-preview:-1\" \/>\n<link rel=\"canonical\" href=\"https:\/\/lmtj.ro\/?page_id=399\" \/>\n<meta property=\"og:locale\" content=\"ro_RO\" \/>\n<meta property=\"og:type\" content=\"article\" \/>\n<meta property=\"og:title\" content=\"Profilul Pedagogic - Liceul de Muzic\u0103 &quot;Tudor Jarda&quot;\" \/>\n<meta property=\"og:description\" content=\"Profilul pedagogic \u201dDocendo discimus (\u00cenv\u0103\u021b\u00e2nd pe al\u021bii, \u00eenv\u0103\u021b\u0103m \u0219i noi)\u201d E\u0219ti sociabil\u0103, creativ\u0103, te exprimi cu mare u\u0219urin\u021b\u0103, rezi\u0219ti \u00een fa\u021ba stresului \u0219i apreciezi munca \u00een echip\u0103 ? Vino la profilul PEDAGOGIC al Liceului de Muzic\u0103 \u201dTudor Jarda\u201d, Bistri\u021ba \u0219i studiaz\u0103 pentru a deveni \u00eenv\u0103\u021b\u0103tor-educator ! Este singurul profil liceal care \u00ee\u021bi permite, prin atestatul [&hellip;]\" \/>\n<meta property=\"og:url\" content=\"https:\/\/lmtj.ro\/?page_id=399\" \/>\n<meta property=\"og:site_name\" content=\"Liceul de Muzic\u0103 &quot;Tudor Jarda&quot;\" \/>\n<meta property=\"article:modified_time\" content=\"2021-04-08T06:58:35+00:00\" \/>\n<meta name=\"twitter:card\" content=\"summary_large_image\" \/>\n<meta name=\"twitter:label1\" content=\"Timp estimat pentru citire\" \/>\n\t<meta name=\"twitter:data1\" content=\"4 minute\" \/>\n<script type=\"application\/ld+json\" class=\"yoast-schema-graph\">{\"@context\":\"https:\/\/schema.org\",\"@graph\":[{\"@type\":\"WebPage\",\"@id\":\"https:\/\/lmtj.ro\/?page_id=399\",\"url\":\"https:\/\/lmtj.ro\/?page_id=399\",\"name\":\"Profilul Pedagogic - Liceul de Muzic\u0103 &quot;Tudor Jarda&quot;\",\"isPartOf\":{\"@id\":\"https:\/\/lmtj.ro\/#website\"},\"datePublished\":\"2018-11-26T12:46:25+00:00\",\"dateModified\":\"2021-04-08T06:58:35+00:00\",\"breadcrumb\":{\"@id\":\"https:\/\/lmtj.ro\/?page_id=399#breadcrumb\"},\"inLanguage\":\"ro-RO\",\"potentialAction\":[{\"@type\":\"ReadAction\",\"target\":[\"https:\/\/lmtj.ro\/?page_id=399\"]}]},{\"@type\":\"BreadcrumbList\",\"@id\":\"https:\/\/lmtj.ro\/?page_id=399#breadcrumb\",\"itemListElement\":[{\"@type\":\"ListItem\",\"position\":1,\"name\":\"Prima pagin\u0103\",\"item\":\"https:\/\/lmtj.ro\/\"},{\"@type\":\"ListItem\",\"position\":2,\"name\":\"Profilul Pedagogic\"}]},{\"@type\":\"WebSite\",\"@id\":\"https:\/\/lmtj.ro\/#website\",\"url\":\"https:\/\/lmtj.ro\/\",\"name\":\"Liceul de Muzic\u0103 &quot;Tudor Jarda&quot;\",\"description\":\"Liceul de Muzic\u0103 &quot;Tudor Jarda&quot;\",\"publisher\":{\"@id\":\"https:\/\/lmtj.ro\/#organization\"},\"potentialAction\":[{\"@type\":\"SearchAction\",\"target\":{\"@type\":\"EntryPoint\",\"urlTemplate\":\"https:\/\/lmtj.ro\/?s={search_term_string}\"},\"query-input\":{\"@type\":\"PropertyValueSpecification\",\"valueRequired\":true,\"valueName\":\"search_term_string\"}}],\"inLanguage\":\"ro-RO\"},{\"@type\":\"Organization\",\"@id\":\"https:\/\/lmtj.ro\/#organization\",\"name\":\"Liceul de Muzic\u0103 &quot;Tudor Jarda&quot;\",\"url\":\"https:\/\/lmtj.ro\/\",\"logo\":{\"@type\":\"ImageObject\",\"inLanguage\":\"ro-RO\",\"@id\":\"https:\/\/lmtj.ro\/#\/schema\/logo\/image\/\",\"url\":\"https:\/\/lmtj.ro\/wp-content\/uploads\/2021\/03\/cropped-logo_no_background-1.png\",\"contentUrl\":\"https:\/\/lmtj.ro\/wp-content\/uploads\/2021\/03\/cropped-logo_no_background-1.png\",\"width\":464,\"height\":464,\"caption\":\"Liceul de Muzic\u0103 &quot;Tudor Jarda&quot;\"},\"image\":{\"@id\":\"https:\/\/lmtj.ro\/#\/schema\/logo\/image\/\"}}]}<\/script>\n<!-- \/ Yoast SEO plugin. -->","yoast_head_json":{"title":"Profilul Pedagogic - Liceul de Muzic\u0103 &quot;Tudor Jarda&quot;","robots":{"index":"index","follow":"follow","max-snippet":"max-snippet:-1","max-image-preview":"max-image-preview:large","max-video-preview":"max-video-preview:-1"},"canonical":"https:\/\/lmtj.ro\/?page_id=399","og_locale":"ro_RO","og_type":"article","og_title":"Profilul Pedagogic - Liceul de Muzic\u0103 &quot;Tudor Jarda&quot;","og_description":"Profilul pedagogic \u201dDocendo discimus (\u00cenv\u0103\u021b\u00e2nd pe al\u021bii, \u00eenv\u0103\u021b\u0103m \u0219i noi)\u201d E\u0219ti sociabil\u0103, creativ\u0103, te exprimi cu mare u\u0219urin\u021b\u0103, rezi\u0219ti \u00een fa\u021ba stresului \u0219i apreciezi munca \u00een echip\u0103 ? Vino la profilul PEDAGOGIC al Liceului de Muzic\u0103 \u201dTudor Jarda\u201d, Bistri\u021ba \u0219i studiaz\u0103 pentru a deveni \u00eenv\u0103\u021b\u0103tor-educator ! Este singurul profil liceal care \u00ee\u021bi permite, prin atestatul [&hellip;]","og_url":"https:\/\/lmtj.ro\/?page_id=399","og_site_name":"Liceul de Muzic\u0103 &quot;Tudor Jarda&quot;","article_modified_time":"2021-04-08T06:58:35+00:00","twitter_card":"summary_large_image","twitter_misc":{"Timp estimat pentru citire":"4 minute"},"schema":{"@context":"https:\/\/schema.org","@graph":[{"@type":"WebPage","@id":"https:\/\/lmtj.ro\/?page_id=399","url":"https:\/\/lmtj.ro\/?page_id=399","name":"Profilul Pedagogic - Liceul de Muzic\u0103 &quot;Tudor Jarda&quot;","isPartOf":{"@id":"https:\/\/lmtj.ro\/#website"},"datePublished":"2018-11-26T12:46:25+00:00","dateModified":"2021-04-08T06:58:35+00:00","breadcrumb":{"@id":"https:\/\/lmtj.ro\/?page_id=399#breadcrumb"},"inLanguage":"ro-RO","potentialAction":[{"@type":"ReadAction","target":["https:\/\/lmtj.ro\/?page_id=399"]}]},{"@type":"BreadcrumbList","@id":"https:\/\/lmtj.ro\/?page_id=399#breadcrumb","itemListElement":[{"@type":"ListItem","position":1,"name":"Prima pagin\u0103","item":"https:\/\/lmtj.ro\/"},{"@type":"ListItem","position":2,"name":"Profilul Pedagogic"}]},{"@type":"WebSite","@id":"https:\/\/lmtj.ro\/#website","url":"https:\/\/lmtj.ro\/","name":"Liceul de Muzic\u0103 &quot;Tudor Jarda&quot;","description":"Liceul de Muzic\u0103 &quot;Tudor Jarda&quot;","publisher":{"@id":"https:\/\/lmtj.ro\/#organization"},"potentialAction":[{"@type":"SearchAction","target":{"@type":"EntryPoint","urlTemplate":"https:\/\/lmtj.ro\/?s={search_term_string}"},"query-input":{"@type":"PropertyValueSpecification","valueRequired":true,"valueName":"search_term_string"}}],"inLanguage":"ro-RO"},{"@type":"Organization","@id":"https:\/\/lmtj.ro\/#organization","name":"Liceul de Muzic\u0103 &quot;Tudor Jarda&quot;","url":"https:\/\/lmtj.ro\/","logo":{"@type":"ImageObject","inLanguage":"ro-RO","@id":"https:\/\/lmtj.ro\/#\/schema\/logo\/image\/","url":"https:\/\/lmtj.ro\/wp-content\/uploads\/2021\/03\/cropped-logo_no_background-1.png","contentUrl":"https:\/\/lmtj.ro\/wp-content\/uploads\/2021\/03\/cropped-logo_no_background-1.png","width":464,"height":464,"caption":"Liceul de Muzic\u0103 &quot;Tudor Jarda&quot;"},"image":{"@id":"https:\/\/lmtj.ro\/#\/schema\/logo\/image\/"}}]}},"_links":{"self":[{"href":"https:\/\/lmtj.ro\/index.php?rest_route=\/wp\/v2\/pages\/399","targetHints":{"allow":["GET"]}}],"collection":[{"href":"https:\/\/lmtj.ro\/index.php?rest_route=\/wp\/v2\/pages"}],"about":[{"href":"https:\/\/lmtj.ro\/index.php?rest_route=\/wp\/v2\/types\/page"}],"author":[{"embeddable":true,"href":"https:\/\/lmtj.ro\/index.php?rest_route=\/wp\/v2\/users\/1"}],"replies":[{"embeddable":true,"href":"https:\/\/lmtj.ro\/index.php?rest_route=%2Fwp%2Fv2%2Fcomments&post=399"}],"version-history":[{"count":60,"href":"https:\/\/lmtj.ro\/index.php?rest_route=\/wp\/v2\/pages\/399\/revisions"}],"predecessor-version":[{"id":2314,"href":"https:\/\/lmtj.ro\/index.php?rest_route=\/wp\/v2\/pages\/399\/revisions\/2314"}],"wp:attachment":[{"href":"https:\/\/lmtj.ro\/index.php?rest_route=%2Fwp%2Fv2%2Fmedia&parent=399"}],"wp:term":[{"taxonomy":"folder","embeddable":true,"href":"https:\/\/lmtj.ro\/index.php?rest_route=%2Fwp%2Fv2%2Ffolder&post=399"}],"curies":[{"name":"wp","href":"https:\/\/api.w.org\/{rel}","templated":true}]}}